the remainder when 14317 is divided by 129.
127
Calculate the remainder when 16559 is divided by 7816.
927
What is the remainder when 1074901 is divided by 2953?
9
What is the remainder when 407313 is divided by 136?
129
Calculate the remainder when 2000 is divided by 1281.
719
Calculate the remainder when 996 is divided by 20.
16
What is the remainder when 5504 is divided by 462?
422
What is the remainder when 23590 is divided by 32?
6
Calculate the remainder when 2997 is divided by 885.
342
What is the remainder when 768934 is divided by 6?
4
Calculate the remainder when 711 is divided by 6.
3
Calculate the remainder when 903671 is divided by 21.
20
Calculate the remainder when 22558 is divided by 45.
13
What is the remainder when 41346 is divided by 4134?
6
Calculate the remainder when 1399 is divided by 708.
691
Calculate the remainder when 13060 is divided by 816.
4
Calculate the remainder when 12051 is divided by 482.
1
What is the remainder when 21453 is divided by 16?
13
Calculate the remainder when 240797 is divided by 418.
29
Calculate the remainder when 156264 is divided by 11160.
24
Calculate the remainder when 46246 is divided by 74.
70
What is the remainder when 1014998 is divided by 29?
27
Calculate the remainder when 21890 is divided by 123.
119
Calculate the remainder when 761 is divided by 526.
235
What is the remainder when 1068 is divided by 31?
14
Calculate the remainder when 209268 is divided by 23.
14
What is the remainder when 18302 is divided by 176?
174
What is the remainder when 353746 is divided by 176862?
22
What is the remainder when 572147 is divided by 38?
19
What is the remainder when 1470 is divided by 53?
39
Calculate the remainder when 100150 is divided by 49990.
170
Calculate the remainder when 4746 is divided by 263.
12
What is the remainder when 515 is divided by 326?
189
Calculate the remainder when 2029175 is divided by 18.
17
What is the remainder when 17142 is divided by 2141?
14
Calculate the remainder when 3343 is divided by 493.
385
What is the remainder when 1822026 is divided by 481?
479
Calculate the remainder when 2851076 is divided by 427.
424
What is the remainder when 1037 is divided by 527?
510
Calculate the remainder when 15500 is divided by 38.
34
What is the remainder when 18694 is divided by 2076?
10
What is the remainder when 839 is divided by 79?
49
Calculate the remainder when 204347 is divided by 335.
332
What is the remainder when 3465 is divided by 3449?
16
What is the remainder when 1276880 is divided by 567?
563
Calculate the remainder when 775981 is divided by 16.
13
What is the remainder when 17561 is divided by 839?
781
Calculate the remainder when 55221 is divided by 78.
75
What is the remainder when 4242 is divided by 63?
21
What is the remainder when 1614073 is divided by 25620?
13
What is the remainder when 2686 is divided by 957?
772
What is the remainder when 2681 is divided by 447?
446
Calculate the remainder when 14937 is divided by 1065.
27
Calculate the remainder when 9033 is divided by 378.
339
Calculate the remainder when 12397 is divided by 31.
28
Calculate the remainder when 149490 is divided by 19.
17
Calculate the remainder when 5975 is divided by 72.
71
What is the remainder when 10903 is divided by 2177?
18
Calculate the remainder when 5260 is divided by 160.
140
Calculate the remainder when 40113 is divided by 340.
333
What is the remainder when 1552 is divided by 741?
70
What is the remainder when 5260 is divided by 243?
157
Calculate the remainder when 634191 is divided by 6.
3
What is the remainder when 34027 is divided by 410?
407
Calculate the remainder when 905884 is divided by 6.
4
Calculate the remainder when 5248 is divided by 51.
46
What is the remainder when 36860 is divided by 839?
783
Calculate the remainder when 11179 is divided by 233.
228
Calculate the remainder when 1465 is divided by 1456.
9
What is the remainder when 3363570 is divided by 24?
18
Calculate the remainder when 10185 is divided by 2529.
69
What is the remainder when 449999 is divided by 900?
899
What is the remainder when 875 is divided by 238?
161
What is the remainder when 158669 is divided by 159?
146
What is the remainder when 11637 is divided by 41?
34
What is the remainder when 2411495 is divided by 12?
11
What is the remainder when 3221 is divided by 638?
31
Calculate the remainder when 13804 is divided by 4599.
7
Calculate the remainder when 9254 is divided by 4598.
58
Calculate the remainder when 6088 is divided by 607.
18
Calculate the remainder when 2157 is divided by 42.
15
What is the remainder when 12600 is divided by 1798?
14
What is the remainder when 3036 is divided by 335?
21
What is the remainder when 9380 is divided by 8859?
521
What is the remainder when 315373 is divided by 45052?
9
Calculate the remainder when 3398 is divided by 172.
130
Calculate the remainder when 1085 is divided by 747.
338
Calculate the remainder when 44729 is divided by 497.
496
Calculate the remainder when 32566 is divided by 47.
42
What is the remainder when 9279 is divided by 6?
3
Calculate the remainder when 12177 is divided by 6081.
15
Calculate the remainder when 952 is divided by 414.
124
Calculate the remainder when 19487 is divided by 3892.
27
Calculate the remainder when 43389 is divided by 26.
21
What is the remainder when 7859 is divided by 207?
200
What is the remainder when 253856 is divided by 11?
9
Calculate the remainder when 2435 is divided by 412.
375
Calculate the remainder when 160390 is divided by 62.
58
Calculate the remainder when 1696 is divided by 89.
5
Calculate the remainder when 127153 is divided by 2540.
153
Calculate the remainder when 4640194 is divided by 5.
4
Calculate the remainder when 5606 is divided by 292.
58
Calculate the remainder when 16173 is divided by 1791.
54
What is the remainder when 51454 is divided by 256?
254
Calculate the remainder when 4257 is divided by 610.
597
Calculate the remainder when 113246 is divided by 56542.
162
What is the remainder when 166893 is divided by 83445?
3
Calculate the remainder when 26695 is divided by 25.
20
Calculate the remainder when 3377 is divided by 530.
197
Calculate the remainder when 13324 is divided by 445.
419
What is the remainder when 43593 is divided by 21?
18
What is the remainder when 26472 is divided by 947?
903
Calculate the remainder when 208129 is divided by 392.
369
What is the remainder when 22984 is divided by 5680?
264
Calculate the remainder when 34312 is divided by 11414.
70
Calculate the remainder when 141523 is divided by 14.
11
Calculate the remainder when 110589 is divided by 27.
24
Calculate the remainder when 8339 is divided by 5.
4
What is the remainder when 7436 is divided by 6976?
460
What is the remainder when 1065 is divided by 444?
177
Calculate the remainder when 9813 is divided by 12.
9
Calculate the remainder when 6643 is divided by 58.
31
Calculate the remainder when 796047 is divided by 610.
607
Calculate the remainder when 310 is divided by 156.
154
What is the remainder when 38828 is divided by 268?
236
What is the remainder when 5840 is divided by 296?
216
What is the remainder when 2372 is divided by 118?
12
Calculate the remainder when 5083 is divided by 424.
419
What is the remainder when 53626 is divided by 447?
433
What is the remainder when 28552 is divided by 9516?
4
What is the remainder when 2103 is divided by 1051?
1
Calculate the remainder when 456878 is divided by 80.
78
Calculate the remainder when 17249 is divided by 639.
635
What is the remainder when 52744 is divided by 643?
18
What is the remainder when 8216 is divided by 86?
46
What is the remainder when 8815 is divided by 15?
10
What is the remainder when 571141 is divided by 24832?
5
Calculate the remainder when 1315 is divided by 784.
531
What is the remainder when 4684 is divided by 109?
106
Calculate the remainder when 966 is divided by 911.
55
What is the remainder when 1626 is divided by 1610?
16
Calculate the remainder when 79630 is divided by 12.
10
Calculate the remainder when 488427 is divided by 244211.
5
Calculate the remainder when 214360 is divided by 11282.
2
Calculate the remainder when 26334 is divided by 381.
45
Calculate the remainder when 116959 is divided by 40.
39